(-4)?
2
Suppose 0 = -7*p - 181 + 1294. What is the tens digit of p?
5
Let p(y) = 24*y**2 + 8*y - 31. What is the tens digit of p(5)?
0
Let l = -302 + 194. What is the units digit of (l/(-15) + -6)/((-3)/(-220))?
8
Let r = 8 + -4. Suppose 0 = -r*a + 2 + 6. Suppose -2*z = -a - 44. What is the tens digit of z?
2
Let b(m) = -128*m**3 - 2*m**2 - 2*m - 1. Let u be b(-1). Suppose -u - 542 = -3*j. What is the tens digit of j?
2
Suppose -19*q = -12*q + 49. Let n(z) = -z**2 - 15 + 5 - 7*z - 4*z. What is the tens digit of n(q)?
1
Let v(q) = -q**2 + 4*q - 5. Let z be v(2). What is the hundreds digit of ((1240/(-12))/z)/(2/3)?
1
What is the hundreds digit of (-28)/(-63) - 36134/(-63)?
5
Let n be 4 + (-150)/3 + (-1 - 0). Let a = 71 - n. What is the hundreds digit of a?
1
Suppose 0 = 2*a - 3*u - 644, -7*a + 4*a + 956 = -2*u. What is the hundreds digit of a?
3
Suppose 0 = -42*m + 41*m - 2*q + 1251, -m = -5*q - 1230. What is the hundreds digit of m?
2
Let w(m) = m + 13. Let c be w(-4). Suppose 5*p - c - 11 = 0. Suppose -p*k - 5*v = -201, 2*k + v - 99 = -2*v. What is the units digit of k?
4
Let d(h) = 2*h**2 - 1. Let b be d(-1). Let g(j) = 18*j**2 + j. Let s be g(b). Suppose 5*z - 50 - s = i, 47 = 3*z + 5*i. What is the units digit of z?
4
Let g(t) = -t**3 - 2*t**2 - 7*t - 4. Let h = 15 - 19. Let s be g(h). Suppose -7*m + s + 56 = 0. What is the units digit of m?
6
Let a(m) = 2*m - 1. Let q be a(5). Let c be -3 - (4 - (-4 + q)). What is the units digit of c/8*(-1272)/6?
3
Let s(b) = -36*b. Let q be s(-4). Let h be q/7 + 18/42. Suppose -5*j = -214 - h. What is the tens digit of j?
4
Suppose 0 = -9*n - n + 60. Let z(p) = -p**2 + 4*p - 9. Let h(t) = -5*t**2 + 16*t - 35. Let m(i) = -2*h(i) + 9*z(i). What is the units digit of m(n)?
9
Suppose -25 = -5*w, -5*j + 7*w + 1485 = 6*w. What is the units digit of j?
8
What is the units digit of (-9364)/(-7) - (299/(-91) + 3)?
8
Suppose 0 = 6*w + 34 + 194. Let v = w - -54. What is the units digit of v?
6
Let t(u) = u**2 - 5*u - 11. Let i be t(8). Let w = i + 12. What is the units digit of w?
5
Let l(g) = -g**3 + 2*g**2 - 6*g - 7. Let k be l(-4). Let d = k + 44. What is the hundreds digit of d?
1
Let z = -244 + 210. Let s be 2*(45/(-2) - 1). Let m = z - s. What is the units digit of m?
3
Let v = -464 - -649. What is the units digit of v?
5
Suppose -s + 108 = -162. What is the units digit of s?
0
Suppose 2*y + 2*y - 8 = 0. Suppose 4*f = -2*z + 118, y*z - 4*f - 260 = -2*z. What is the tens digit of z?
6
Let w be (-6)/(-27) + 6/(-27). Suppose w = -3*d + 67 + 53. What is the units digit of d?
0
Let w be 1 + (3 - 3)/(-4) + 134. Suppose s + 2*s = 4*x - w, -1 = s. What is the tens digit of x?
3
What is the thousands digit of -8 - (-828)/102 - 120507/(-51)?
2
Suppose 98 = 4*l + 966. Let p = -154 - l. Suppose 2*a = -p + 197. What is the tens digit of a?
6
What is the hundreds digit of 6450/20*12/10?
3
What is the tens digit of 20/(-100)*(-85)/2*8?
6
Let i(f) = -2*f - 2*f + 40 + 40. What is the tens digit of i(9)?
4
Let s(r) = -r + 6 - 22 + 5 + 1. Let l be s(-6). Let x = 33 + l. What is the units digit of x?
9
Let z be -5*(-1 + 2/(-10)). Let y(a) = 2*a**2 + 47*a + 232. Let q be y(-6). Suppose z*b + q = 8*b. What is the tens digit of b?
1
Let c(h) = h + h**2 + 2112 + 3*h**3 - 2111 - 22*h**3. Let g be 1/(1*-1) - 0. What is the tens digit of c(g)?
2
Let x = 1044 - 603. What is the hundreds digit of x?
4
Let d = -11 - -22. Let t(l) = -l**2 + 0*l**2 - l - 7 - d*l. What is the tens digit of t(-9)?
2
What is the hundreds digit of 635*-1*22/(-10)?
3
Let y(f) = -f**2 + 12*f - 6. Let u be y(3). Let x = 32 + u. What is the units digit of x?
3
Suppose 0 = -r + 4. Suppose -w + 10 = -4*w - r*s, -2*w + 12 = -2*s. Suppose w*c = -3*j + 72, -c - j = c - 72. What is the tens digit of c?
3
Suppose s + s + 40 = 3*z, s = 2*z - 25. What is the tens digit of z?
1
Let g(k) = -2*k**3 + 4*k**2 + 3*k - 1. Let z be g(-3). Let b = -71 + z. What is the units digit of b?
9
Suppose -3*l = -4*v - 210, v = -3*l - 51 - 9. Let p be (2 - 3)*(-4 - (99 + 4)). Let r = v + p. What is the tens digit of r?
5
Suppose 14*p - 7687 = -239. What is the tens digit of p?
3
Let b(m) = 5*m**2 + 8*m + 15. Let o(a) = -11*a**2 - 16*a - 30. Let w(z) = 7*b(z) + 3*o(z). Suppose 9*l + 3*l + 72 = 0. What is the units digit of w(l)?
9
Let g = 130 + -85. Suppose 2*w = 4*w - 8. Suppose -w*j - j = -g. What is the units digit of j?
9
Suppose -3*h + 0 - 3 = 0. Let b be (0 - -2) + h - 0. Suppose 0*k = -s + k - b, 0 = 2*s + 4*k - 10. What is the units digit of s?
1
Let p(y) = 4*y - 14. Let q be p(4). Suppose -q*u - 3*o = 133 - 496, o = -3*u + 541. What is the tens digit of u?
8
Let b = 8 - 20. What is the units digit of (-8)/(-12) - 40/b?
4
Let b = -75 - -70. Let l(s) = 11*s**2 + s + 16. What is the hundreds digit of l(b)?
2
Suppose 0 = -l + 2*a + 5, 0 = 5*l + 4*a + a - 85. Suppose h = 5 + l. What is the tens digit of h?
1
Let s(j) = 3*j**2 - 6*j + 2. Let g be s(4). Let i(y) = 5 - 15 + y + g. What is the units digit of i(-6)?
0
Suppose 18*b - 56075 = -9491. What is the units digit of b?
8
Let d(j) = 18*j - 106. What is the units digit of d(27)?
0
Suppose -3*q + 2*c + 1006 = 0, 3*c = 64*q - 68*q + 1347. What is the units digit of q?
6
Suppose 7*q + 949 = 4988. What is the units digit of q?
7
Let s(b) = 4 + 5 - b - 2*b + 2*b. What is the tens digit of s(-8)?
1
Let v(d) = -2*d - 10. Let m be v(-6). Suppose -m*l + 5318 = 1974. What is the tens digit of l/133 - 6/(-14)?
1
What is the units digit of (47805/(-15))/(-4 - -3)?
7
Let k(x) = -34*x + 5*x - 3 + 9*x. What is the units digit of k(-4)?
7
Let v be 2/(-8) + 187/44. Suppose 0 = -v*o + 7*o - 546. What is the units digit of o?
2
Suppose -5*a + 0*r - 3*r - 38 = 0, 3*a + 2*r + 23 = 0. Let w(s) = -6*s - 15. What is the tens digit of w(a)?
2
Let c(t) = 36*t**2 - 58*t + 391. What is the thousands digit of c(7)?
1
Let w(r) = -r**3 + 9*r**2 - 7*r + 3. Suppose 3 = -3*j + q, -4*j - 5*q + 2 + 13 = 0. Suppose j*h + 16 = 2*h. What is the tens digit of w(h)?
1
Let t(c) = -21*c + 7. Let p be t(6). Let f = p - -292. What is the units digit of f?
3
Let o(k) = -k**3 - 14*k**2 + k + 17. Let c be o(-14). Let u(t) = t**3 - 4*t + 3. What is the tens digit of u(c)?
1
Let s(h) = -19*h - 77. What is the hundreds digit of s(-23)?
3
Let b be (20/(-50))/((-4)/1130). Let o = 25 + b. What is the hundreds digit of o?
1
Let x(b) = -9*b + 5. Let o(d) = -10*d**2 - 3*d - 1. Let z be o(-1). What is the units digit of x(z)?
7
Let n(q) = q + 2. Let v be 10/25 + 28/5. Let m be n(v). Let o = m + 2. What is the units digit of o?
0
What is the hundreds digit of (144/(-3))/(-6) - -1516?
5
Let q = 102 - 68. Suppose 2*b + 10 = 2*v, -b - b = -5*v + q. What is the units digit of v?
8
Let a be 44 + 2 - (-20)/5. Let m = a + 13. Suppose 0*f - f = -m. What is the units digit of f?
3
Let y(b) = -b**3 + 4*b**2 - b + 8. Let s be y(4). Suppose s*n = 9*n + 570. Let d = -73 - n. What is the tens digit of d?
4
Suppose -26*t + 21850 + 5190 = 0. What is the thousands digit of t?
1
Let g(z) = -13*z**2 + 5*z**3 + 2 - 6*z**3 + 2*z**3 + 25*z - 5. What is the hundreds digit of g(12)?
1
Let s(m) = m**2 - 24*m + 82. Let a(t) = 8*t - 27. Let f(b) = 7*a(b) + 2*s(b). What is the hundreds digit of f(-11)?
1
Let j(u) be the first derivative of u**4/2 - u**3 + 7*u**2/2 - 2*u - 25. What is the units digit of j(4)?
6
Let l(g) = -g**3 - 5*g**2 - 5*g - 3. Let v be l(-3). Let z(t) = -t**3 - 7*t**2 + 5*t + 9. Let b be z(v). What is the units digit of 2/3 - b/9?
7
Let i(k) = -9*k**3 - k**2 + 1. Let a be i(1). What is the tens digit of a*(-4 + 2) + 4?
2
Suppose -5*f + 46 = 3*l, f - 48 = -4*f - 4*l. Suppose -f*v + 114 = -206. What is the tens digit of v?
4
Suppose -y = 4*w - 387, 5*w - 26 = -6. What is the hundreds digit of y?
3
Suppose z = 2*z + 4*i - 70, z - 38 = 4*i. Suppose -50 - z = -8*u. What is the tens digit of u?
1
Suppose 4*r + 5*u = 569, -2*r + 111 = -u - 156. Suppose 11*h - 12*h + r = 0. What is the hundreds digit of h?
1
Let q = 25 + -27. What is the units digit of (-2548)/(-126) - q/(-9)?
0
Suppose 49722 - 148062 = -66*y. What is the thousands digit of y?
1
Suppose 0 = -3*o + 2*p - p + 16, 4*o = -p + 19. Suppose -5*t + 0*t + 810 = o*d, t + 653 = 4*d. What is the units digit of d?
3
Suppose -5*x + 48 = -27. What is the